hen 63247 is divided by 21080.
7
Calculate the remainder when 158737 is divided by 52911.
4
Calculate the remainder when 36255 is divided by 1647.
21
Calculate the remainder when 343 is divided by 29.
24
Calculate the remainder when 23319 is divided by 1008.
135
What is the remainder when 1330 is divided by 75?
55
What is the remainder when 3905 is divided by 679?
510
What is the remainder when 1200971 is divided by 92382?
5
Calculate the remainder when 1949 is divided by 38.
11
What is the remainder when 35432 is divided by 79?
40
Calculate the remainder when 119923 is divided by 14.
13
Calculate the remainder when 3630 is divided by 122.
92
What is the remainder when 1603 is divided by 355?
183
Calculate the remainder when 777979 is divided by 644.
27
What is the remainder when 1025018 is divided by 530?
528
What is the remainder when 1663 is divided by 216?
151
Calculate the remainder when 4803 is divided by 4652.
151
What is the remainder when 4551 is divided by 506?
503
What is the remainder when 101378 is divided by 47?
46
What is the remainder when 4746 is divided by 164?
154
Calculate the remainder when 175244 is divided by 1969.
3
Calculate the remainder when 81778 is divided by 47.
45
What is the remainder when 16756 is divided by 45?
16
What is the remainder when 10313 is divided by 2572?
25
Calculate the remainder when 4238942 is divided by 32.
30
What is the remainder when 25426 is divided by 110?
16
What is the remainder when 25173 is divided by 2157?
1446
What is the remainder when 57619 is divided by 1556?
47
Calculate the remainder when 552167 is divided by 43.
4
Calculate the remainder when 13069 is divided by 13050.
19
Calculate the remainder when 11138 is divided by 4.
2
What is the remainder when 1517500 is divided by 362?
358
What is the remainder when 7097 is divided by 1006?
55
What is the remainder when 531 is divided by 11?
3
What is the remainder when 65661 is divided by 32?
29
What is the remainder when 4952 is divided by 987?
17
What is the remainder when 108468 is divided by 57?
54
Calculate the remainder when 67061 is divided by 243.
236
Calculate the remainder when 9925 is divided by 3305.
10
Calculate the remainder when 8132 is divided by 22.
14
What is the remainder when 69792 is divided by 453?
30
Calculate the remainder when 204038 is divided by 17003.
2
Calculate the remainder when 160066 is divided by 6155.
36
Calculate the remainder when 8061 is divided by 2640.
141
Calculate the remainder when 14589 is divided by 190.
149
What is the remainder when 2695094 is divided by 89?
85
What is the remainder when 4727 is divided by 451?
217
What is the remainder when 430 is divided by 153?
124
Calculate the remainder when 26856 is divided by 13424.
8
Calculate the remainder when 146597 is divided by 14658.
17
Calculate the remainder when 333088 is divided by 77.
63
What is the remainder when 47676 is divided by 62?
60
What is the remainder when 3215 is divided by 455?
30
What is the remainder when 7076 is divided by 23?
15
Calculate the remainder when 7241 is divided by 52.
13
What is the remainder when 20296 is divided by 20285?
11
What is the remainder when 4004 is divided by 185?
119
Calculate the remainder when 118680 is divided by 288.
24
Calculate the remainder when 35556 is divided by 13.
1
Calculate the remainder when 359120 is divided by 421.
7
Calculate the remainder when 4941 is divided by 611.
53
What is the remainder when 16728 is divided by 4161?
84
What is the remainder when 500 is divided by 324?
176
What is the remainder when 80407 is divided by 11?
8
What is the remainder when 1971 is divided by 265?
116
What is the remainder when 14824 is divided by 18?
10
What is the remainder when 27086 is divided by 70?
66
What is the remainder when 130008 is divided by 239?
231
Calculate the remainder when 97675 is divided by 85.
10
Calculate the remainder when 41787 is divided by 3482.
3
What is the remainder when 9102 is divided by 1181?
835
What is the remainder when 1770936 is divided by 28?
20
Calculate the remainder when 71854 is divided by 36.
34
Calculate the remainder when 13184 is divided by 306.
26
Calculate the remainder when 303 is divided by 239.
64
Calculate the remainder when 11165 is divided by 93.
5
What is the remainder when 6027 is divided by 834?
189
What is the remainder when 10230 is divided by 9?
6
What is the remainder when 33444 is divided by 1454?
2
What is the remainder when 4373 is divided by 365?
358
What is the remainder when 360 is divided by 139?
82
What is the remainder when 18086 is divided by 90?
86
Calculate the remainder when 1305609 is divided by 13.
6
Calculate the remainder when 54972 is divided by 213.
18
What is the remainder when 23433 is divided by 11713?
7
What is the remainder when 13647 is divided by 390?
387
What is the remainder when 140397 is divided by 70175?
47
Calculate the remainder when 14986 is divided by 166.
46
What is the remainder when 8905 is divided by 52?
13
Calculate the remainder when 12874 is divided by 194.
70
Calculate the remainder when 68105 is divided by 14.
9
Calculate the remainder when 26669 is divided by 1211.
27
Calculate the remainder when 23024 is divided by 1918.
8
Calculate the remainder when 484763 is divided by 330.
323
What is the remainder when 219911 is divided by 357?
356
What is the remainder when 157456 is divided by 219?
214
What is the remainder when 114131 is divided by 260?
251
Calculate the remainder when 18806 is divided by 6268.
2
Calculate the remainder when 116449 is divided by 591.
22
Calculate the remainder when 2925 is divided by 32.
13
What is the remainder when 28634 is divided by 345?
344
Calculate the remainder when 143314 is divided by 9.
7
What is the remainder when 20706 is divided by 197?
21
Calculate the remainder when 856451 is divided by 51.
8
What is the remainder when 3457 is divided by 1150?
7
What is the remainder when 88557 is divided by 159?
153
What is the remainder when 4100 is divided by 19?
15
What is the remainder when 572925 is divided by 192?
189
Calculate the remainder when 27958 is divided by 314.
12
Calculate the remainder when 786 is divided by 781.
5
Calculate the remainder when 22401 is divided by 333.
90
Calculate the remainder when 13205 is divided by 18.
11
What is the remainder when 460354 is divided by 41850?
4
Calculate the remainder when 90131 is divided by 12.
11
Calculate the remainder when 73924 is divided by 413.
410
What is the remainder when 1845169 is divided by 913?
909
Calculate the remainder when 116634 is divided by 16662.
0
Calculate the remainder when 7511 is divided by 343.
308
Calculate the remainder when 5309547 is divided by 405.
402
Calculate the remainder when 1712 is divided by 69.
56
What is the remainder when 421863 is divided by 11?
2
What is the remainder when 150358 is divided by 3855?
13
What is the remainder when 4728 is divided by 640?
248
What is the remainder when 3590 is divided by 616?
510
What is the remainder when 3914 is divided by 964?
58
What is the remainder when 4175646 is divided by 57?
54
What is the remainder when 78152 is divided by 19525?
52
What is the remainder when 149979 is divided by 24994?
15
Calculate the remainder when 290034 is divided by 206.
192
What is the remainder when 1218 is divided by 127?
75
What is the remainder when 51655 is divided by 19?
13
What is the remainder when 11371 is divided by 2841?
7
Calculate the remainder when 918539 is divided by 12.
11
Calculate the remainder when 949 is divided by 52.
13
Calculate the remainder when 44429 is divided by 17.
8
Calculate the remainder when 7166 is divided by 378.
362
What is the remainder when 7510 is divided by 931?
62
What is the remainder when 9206 is divided by 4069?
1068
Calculate the remainder when 3457 is divided by 671.
102
Calculate the remainder when 7960 is divided by 7952.
8
What is the remainder when 6827 is divided by 69?
65
Calculate the remainder when 3598 is divided by 72.
70
Calculate the remainder when 19907 is divided by 74.
1
What is the remainder when 4545501 is divided by 288?
285
Calculate the remainder when 5134 is divided by 2563.
8
Calculate the remainder when 108 is divided by 108.
0
What is the remainder when 1756 is divided by 